- 10) + 5.
-10
Calculate 2 + 60 - (-79 + 117 + -46) - -9.
79
Calculate (-450 - -460) + (-25 - 1) + (67 - 0).
51
What is 7 + -23 + 12 + -189 - -45?
-148
Calculate -29 - -107 - (0 - -1) - (86 - 79).
70
Evaluate 48 + (-14 - (9 + -11 - 3 - -2)).
37
184 + -194 + (-11 + (2 - -3) - (2 + 4))
-22
-59 - (-8 + 46 - 166)
69
What is -38 + 0 + (-231 - -212) - (-1 + -1 + -2)?
-53
What is 23 + 7 + -8 - (-169 + 155)?
36
What is the value of 26 - ((-8 - -2) + -10 + 5)?
37
(3 - 10) + 58 - (-8 - (-13 + 13) - -7)
52
What is the value of 34 + (-55 - -1) + 42 + -96?
-74
Calculate 108 + -3 + -3 - ((18 - -23) + -48 + 7).
102
62 - (-28 + 98 + -66)
58
-8 + 1 + -48 + (166 - 62)
49
What is the value of -71 + (18 - 6) + 86?
27
Calculate -96 + -18 + (20 - 61) + 40.
-115
Evaluate (246 - 245) + (0 - 1) + 7 + -1 - 44.
-38
What is the value of -22 + (20 - 7) + -2 - -15?
4
Calculate (12 - 23) + (-7 + 0 - (-142 + 146)).
-22
What is the value of (9 - -1) + (33 - 26) - (-8 + 11)?
14
Calculate 65 + -63 + -73 + (0 - (-8 - -5)).
-68
What is the value of ((-11 - -41) + -44 - -5 - (-14 + 0)) + 55?
60
Evaluate (-16 + 12 - 7) + 3 + -34.
-42
What is 19 - (-251 + 361) - (16 + (2 - 0))?
-109
Evaluate -8 + (3 + 2 + -1 - -3) - 6 - 28.
-35
Calculate 46 + -116 + 81 - 71.
-60
What is 52 - (9 - (-14 + 17 + 12 + -1))?
57
Calculate 300 - 2 - (-5400 + 5556).
142
Calculate (-52 + 30 + -73 - -43) + 25.
-27
-93 + (-60 - -92) + 28
-33
(-15 + (12 - -16) + -5 - 6) + (1 - -1)
4
Calculate -417 + 496 - (41 - -4).
34
What is the value of 13 - (-1 - -2) - ((276 - 291) + -1 + 23)?
5
Evaluate 15 - (47 + -38 + 38).
-32
What is the value of 11 + (-14 + (20 - (-11 + 17)) - (-34 - 2))?
47
Calculate 231 - 274 - (-3 - -6).
-46
Calculate (26 + -2 + 3 - (2 + -6)) + -22 + 9.
18
What is 74 + (-18 - -3) + 17 + 25 + -24?
77
-2 + 11 + -1 + (-38 - (-37 - -4))
3
Evaluate 37 - (-17 + 38) - (-58 + -5 + 15).
64
(-1767 - -1754) + ((8 - 4) + -6 - 27)
-42
Evaluate -27 + (12 - 10) + 16 + -4.
-13
What is 27 + -14 - 32 - -43 - 12?
12
Calculate -24 + 98 + -79 + 10.
5
What is -2196 - -2086 - (1 + -108)?
-3
Evaluate (-10 + 28 - (11 - (-58 - 15))) + -14.
-80
Evaluate (15 - 7) + 57 + -3 + (-330 - -333).
65
Evaluate 1 + 2 + -39 + 35 + 21.
20
What is 28 - 7 - (-14 + 8 + -9 + 5) - 6?
25
What is the value of 2 + 10 + -300 + 309 + 39?
60
What is the value of (1 - -2) + -151 + (-131 - (-259 + 109))?
-129
What is 6 - (12 - (22 + -28))?
-12
Evaluate (14 + -10 - 73) + (-2 - 11) - 18.
-100
(48 + -18 - 54) + 30 + -46
-40
-41 - (-1 - (2 + 12 + -5))
-31
What is -27 + (13 - 9) + 9 + (-2 - -26)?
10
(4 + -10 - (1 + -39 - -7)) + -11
14
Calculate 30 + (-9 + (-74 - -67) - (1 + -8)).
21
What is -107 + 1 - (-37 - (25 + -90 + 37))?
-97
What is the value of (-114 - -11 - -189) + -101?
-15
-4 - ((-1 - 8) + -30 + -4 + -6 + 23)
22
Evaluate -47 + 168 + 20 + -71.
70
Evaluate 25 + (-6 - -3) - (11 + (-70 - -57)).
24
Evaluate 14 - (-87 + (16 + 0 - (15 - 5)) + 2).
93
What is -3 + (-14 - (6 + (-16 - -4))) + 11?
0
What is the value of (-9 - -2) + (-40 - (0 - -8))?
-55
What is 62 + 148 + -148 + (1 - -1)?
64
Evaluate -2 + 73 - (-2474 - -2541).
4
Evaluate (549 - 556 - (0 + 20)) + 20.
-7
0 + -23 - (-6504 - -6449)
32
Evaluate 50 - 28 - (31 + 1).
-10
What is the value of (-13 - ((-5 - -5) + -7)) + 94 - -4?
92
What is (-13 - (18 + 12)) + 21 + 34 - (96 - -2)?
-86
Evaluate -1 - 16 - (-1 - (-43 - (37 + -46))).
-50
Calculate 34 + (13 - 5 - 0) + 5 + 3.
50
What is the value of (8 - -4) + 30 + -22 + -11 + 2?
11
What is (0 + 2 - 1) + (-15976 - -15984) - (56 + 0)?
-47
Calculate (1 - 24) + (447 - 376 - -31).
79
Evaluate 48 + 0 + 2 - 88.
-38
Calculate 217 + -173 - (3 + 16).
25
What is -5 - (2 + -12 + (25 - 7) + -22) - 1?
8
Calculate 4 - -6 - (39 + -72 - -99).
-56
Calculate 46 + -20 - (-6 - (1 - 8) - 13).
38
What is -27 + ((-2 - -21) + -40 - -19)?
-29
What is the value of (-6 - 16) + -4 + (-31 - -19)?
-38
Evaluate -23 - -4 - 74 - -23.
-70
Calculate 5 + -1 - 2 - (50 + -32 + 33).
-49
What is -108 - 7 - (-614 - -569)?
-70
What is 56 + (-1 - -40 - 10) + -27?
58
What is -6 - (-50 - -52) - ((2 - -4) + -1)?
-13
Calculate (1434 - 1430) + (8 + -2 - (1 + -2)).
11
What is the value of (-7 + (-7 - -15) + 4 - 1) + -20?
-16
Evaluate (0 - -10 - (-640 - -638)) + 46.
58
(23 - 3) + -2 + 626 + -639 + -62
-57
Calculate -59 - (-104 - (26 + -37)).
34
Evaluate 35 + (-63 - -30) + -24 + 5.
-17
What is 38 - (28 - (-17 + -42 - -40))?
-9
Evaluate 0 + 1 - 21 - (2 - 4).
-18
What is the value of (14 - (-1 - -22 - 81)) + 4?
78
(12 - (-32 - -14) - 16) + 35
49
What is 18 + 0 - (-38 - 16 - (-108 + 42))?
6
What is the value of 32 + 30 + 30 + -74 - (-2 + -81)?
101
-9 + 10 + (-6 - 3) - (-48 - 32)
72
Calculate 2 + 8 + (73 - 61 - (4 - -5)).
13
What is -35 + -72 + 92 + 1 + -64 + 1?
-77
What is the value of (-89 + 23 - -41) + 0 + -7 + -3?
-35
12 + (-71 - -30) + 21 + -1 + 12
3
Evaluate (31 - 163) + (75 - 56).
-113
Calculate -12 + (23 + 24 - -13) + (4 - 11).
41
Calculate 18 + -1 - (46 + -32 + -1 + -18).
22
What is 28 + 15 + (-51 - -11) - 31?
-28
224 + -168 - (10 + -2)
48
What is the value of (1210 - 1200) + 2 + -5 + (1 - 0) + -2?
6
What is the value of (-11 - 0) + (-44 - (-19 + -2) - -26)?
-8
What is -70 + (-67 - -85) + 14?
-38
Calculate -1 + -7 + (-9 - (8 + 7 + -20)).
-12
What is the value of -2 + 12 + -1 - (-104 + 57 + 21)?
35
(27 - 132) + -15 + 57
-63
Calculate 5 - 19 - (12 - (-17 + 13) - (-23 - -11)).
-42
What is the value of -29 + 13 + 13 + 45?
42
What is the value of (-57 - -51) + -28 + -21?
-55
(205 - 112 - (38 + 9)) + -105
-59
What is 29 + -48 + 2 + (2 - 3 - -103)?
85
Calculate (9 - -4 - 25) + 128 + -42.
74
Calculate -3 + (-11 - 3) + 3 + -11 + -100.
-125
36 - (-53 - (52 - 124) - (-1 + 1))
17
What is the value of -14 + 92 - 86 - (-81 + 0)?
73
Evaluate (-10 - 0) + (-1 - -61) + (52 - -34 - 70).
66
Calculate 29 + -12 - 71 - ((-18 - -6) + -5 + 10).
-47
Evaluate (-7 - 8) + 14 - -10 - (-46 + 2 - -3).
50
Calculate (13 - 1 - -1) + (83 - 97) + -46.
-47
((2 - -43) + -1 - 0) + 3257 + -3264
37
Evaluate -69 + (-33 - -7) + 20 + 7 + (0 - 1).
-69
-7 + 37 + (1459 - 1521)
-32
Calculate 24 + (41 - 29 - (4 + 4)) + -2.
26
Calculate -21 + 14 + 62 - (1 - (1 - (5 - 6))).
56
98 + -97 - (-2 - -13 - (-6 - -9)) - -7
0
-6 - (-1 + 1 + 9 - (113 + -34 + -53))
11
What is the value of -64 - ((13 - (8 + (-3 - -2) - 0)) + -1)?
-69
Evaluate (-6 - -76) + ((-20 - 2) + 38 - (1 + 9)).
76
Evaluate 17 + -3 - (8 - (-15 + -39)).
-48
What is -9 + 6 + -24 + 3 + 3 + 19?
-2
What is the value of 12 + -53 + 35 - (6 - 4 - -42)?
-50
(-1 - (25 - (18 - 8))) + -14
-30
What is the value of 20 - (-24 + 58 + 27)?
-41
What is -94 + (-68 - -162 - 34)?
-34
What is -285 - -293 - (40 - -1)?
-33
Calculate (8 - 6) + (5 - (21 + 6)).
-20
72 + (-4 - 1) - (291 + -317)
93
Calculate 99 - 106 - (-8 + -5).
6
What is the value of (-26 - 5) + (-8 - ((-37 - -17) + 17)) - 0?
-36
What is the value of 39 - (-2 - (23 - (26 - -19)))?
19
Evaluate 0 - -81 - 2 - (-4980 + 4957).
102
(7 - 0) + (79 - (91 + 26))
-31
23 + -65 + 32 + -11
-21
What is 8 + (-50 + 49 - 52) + 4 + 0?
-41
Evaluate -26 - -1 - (25 - (143 - 99)) - -16.
10
What is the value of -14 + -49 + (17 - -18 - 0)?
-28
-62 + (13 + 61 - 84)
-72
What is (5 - 0) + (448 - 470) + 5?
-12
What is the value of (9 + 24 + -29 - (17 - 1)) + 7 - -40?
35
Calculate -1 + -4 + -56 + 47 + 21 + (60 - 2).
65
What is the value of -7 - -3 - 4 - (-36 + -1 - (2 + -12))?
19
Evaluate 0 + -130 - (-11027 + 10784).
113
What is the value of 46 - (((7 - 4) + 3 - 6) + -7)?
53
15 + -15 - ((-11 - 1) + (-2 - 0))
14
What is the value of (85 - (-23 - (-3 - 5))) + -22?
78
What is the value of 6 + (-19 - -17 - -25) + 0 + 81?
110
What is the value of (31 - 38) + 30 + 3 + 3?
29
2664 + -2655 - ((2 - 4) + 22)
-11
Evaluate (-81 - (-25 - 64)) + (28 + 0 - (0 - -1)).
35
What is -11 + (-1 - -30) + -557 + 517?
-22
What is the value of (2 - 13) + 31 + -76 + 21?
-35
Evaluate -100 - -136 - (69 - -29).
-62
Calculate 31 + -41 + (-17 - -14 - (-4 - 1)) - -51.
43
(-2 + 18 - (7 + 2)) + -12 + 21
16
What is the value of 249 + -269 - (-53 + (-2 - -1))?
34
-9 + 0 - ((78 - -60) + -211)
64
Evaluate 308 - 336 - (-1 + -96) - 25.
44
What is the value of -18 + (33 - (32 - (-13 - -30)))?
0
What is the value of -18 + -37 + (41 - 31) - (-8 - -3)?
-40
What is 1 + -3 - -20 - -1 - (15179 - 15222)?
62
-124 + (-30 + -35 + 62 